ime factors of i.
2, 17
Let l = -122 - -122. Suppose 10*j + 2*j = l. List the prime factors of j + 2 + 1 - (-222 - -3).
2, 3, 37
Let c(f) = 15*f**2 - 9*f - 162. List the prime factors of c(-6).
2, 3
Suppose -2*f + 19706 = 5*w, 10766 = 3*f + 5*w - 18793. What are the prime factors of f?
59, 167
Let t = 50827 - 24138. What are the prime factors of t?
13, 2053
Let i = -2161 - -7114. List the prime factors of i.
3, 13, 127
List the prime factors of ((-8919)/12)/(8/(-32)).
3, 991
Suppose 0 = -92*s + 119*s - 369576. What are the prime factors of s?
2, 29, 59
List the prime factors of (-1)/(((-4)/(-6))/(3/(36/(-51080)))).
5, 1277
Let c = 11174 - 5118. What are the prime factors of c?
2, 757
Let o(z) = 104*z**2 - 4*z - 88. What are the prime factors of o(-6)?
2, 5, 23
What are the prime factors of ((-2394)/(-36))/((-49)/(-30884))?
2, 19, 1103
Let f = 14799 + 7301. List the prime factors of f.
2, 5, 13, 17
Let b(w) = -w**2 - 13*w - 9. Let k be b(-11). Suppose k*q = 131 - 27. Suppose 0 = 2*s - 3*s + q. List the prime factors of s.
2
What are the prime factors of (-4 + (-1 - -5))/3 + 8920?
2, 5, 223
Let x = 14 - -16. Suppose f + f + x = 5*z, 4*z - f - 24 = 0. List the prime factors of (-129)/z*(-4 - 0).
2, 43
Let f(b) = -5*b - 20. Let g(o) = 1. Let n = -86 + 85. Let a(v) = n*f(v) - g(v). What are the prime factors of a(18)?
109
Let r(m) = -m + 3. Let d be r(-6). Suppose 224 = d*q - q. Let g = 48 - q. What are the prime factors of g?
2, 5
Suppose -5*y + 5*p - 7*p + 163491 = 0, 5*y = -4*p + 163507. What are the prime factors of y?
5, 13, 503
Suppose 0 = -2*q - 5*k + 4749, 2*q - 4*k - 1825 = 2897. List the prime factors of q.
3, 263
Let b(a) = -a + 1. Let v be b(-6). Suppose -5*t + 5 = -3*j, 6*t + 29 = 4*t - 5*j. Let d = t + v. What are the prime factors of d?
5
Let w(x) = 175*x**2 - 642*x + 7551. List the prime factors of w(12).
3, 11, 23
Let p = -2867 - -1643. Let n = -774 - p. What are the prime factors of n?
2, 3, 5
Suppose 4*y - 4656 = -5*w, 4*y + 66*w = 68*w + 4656. What are the prime factors of y?
2, 3, 97
Suppose 6 + 15 = 7*t. Suppose t*c - r - 1068 = 2938, -5*c - 5*r + 6670 = 0. What are the prime factors of c?
3, 5, 89
Suppose -154*g = -157*g + 30. What are the prime factors of ((-4355)/g)/(-13)*4?
2, 67
Let g(o) = 12461*o + 2535. List the prime factors of g(3).
2, 3, 6653
Suppose -36*r = -29*r - 1386. Suppose 4*a = -r + 218. Suppose 3*v = a*d - 30, -v - 1 = -6. List the prime factors of d.
3
Let w(p) = -7*p + 14. Let t be w(0). What are the prime factors of 6/t + (-3035)/(-7) + -2?
2, 3
Suppose -p + 4*m = -12246, -3*p + 8*p - m - 61211 = 0. List the prime factors of p.
2, 6121
Let q = -3246 - -2318. Let u = 205 - q. What are the prime factors of u?
11, 103
Let v(c) = 12*c + 2. Let s be v(6). Suppose 0*p + 32 = -3*p + 2*f, -3*p - 34 = -f. List the prime factors of s + p/(-15)*5.
2, 3, 13
Suppose 0 = -2*s + 2110 + 1254. Suppose -2*h = o - 365, 3*o - s = 3*h - 560. What are the prime factors of o?
7, 53
Suppose 0 = -2*x + 2*d + 6, -5*x + 3*d + 0 = -19. Suppose -26 = -7*s - x. Suppose -3*j + 15 - s = 0. What are the prime factors of j?
2
Suppose -2*c - 37 = -5*q - 5*c, -c - 1 = -q. Suppose 965 = q*s - 1175. List the prime factors of s.
2, 107
Suppose 42*w - 26*w = -6*w + 128128. What are the prime factors of w?
2, 7, 13
Let g be 5/2 + 3/(-6). Suppose -3*k + 6 = 0, g*t - 4*t - 2*k = -540. List the prime factors of t/14 + (-2)/14.
19
Let f(p) be the second derivative of p**4/6 - 4*p**3 - 33*p**2 + 132*p. List the prime factors of f(-8).
2, 127
Suppose -7*i = -13*i + 72. Let g = -12 + i. Suppose 4*t + 20 = g, 5*h - t - 290 = -4*t. What are the prime factors of h?
61
Suppose 2*o - 5*d - 3586 = 3149, o - d = 3363. List the prime factors of o.
2, 3, 5, 7
Let y = -14107 - -26000. What are the prime factors of y?
7, 1699
Let u be ((-85)/34)/((-1)/2)*35. Let r = 509 - u. List the prime factors of r.
2, 167
Suppose 7*k + 216 = 9*k. Suppose -3*l + 7*l = k. What are the prime factors of 8/32 + l/4?
7
Let z be 4375/(-28) - 2/(-16)*2. Suppose -491 - 62 = -2*d + p, 1376 = 5*d + 4*p. Let u = z + d. List the prime factors of u.
2, 3, 5
Suppose 4*h = 4 + 52. Suppose h*q = 11*q + 285. What are the prime factors of q?
5, 19
What are the prime factors of (-99)/(-27 + 18) - (-27812 - -2)?
43, 647
Suppose 0 = 10*u - 50 + 10. Suppose -i = 2*c - 112, u*c + 344 = 2*i + 104. What are the prime factors of i?
2, 29
Let d = -4562 + 14024. What are the prime factors of d?
2, 3, 19, 83
Suppose 0 = -2*g + 3 + 27. Suppose -5*w = -g*w + 1030. What are the prime factors of w?
103
Suppose 0 = -11*k + 47395 + 2490. What are the prime factors of k?
5, 907
Let k(c) = 66*c - 2. Let t be k(2). Let s = t - 16. Suppose 2*z = 5*z - s. What are the prime factors of z?
2, 19
Let x(u) = -77*u + 114. Let b(k) = -156*k + 228. Let l(q) = -3*b(q) + 5*x(q). List the prime factors of l(6).
2, 3
Let v = 17 + -17. Suppose -2*c + 3*c + 5*z = -216, -2*c + 2*z - 456 = v. Let x = -155 - c. List the prime factors of x.
71
Let g be 3 + 1 - 3/(4/4). Let k(a) = -3*a + 2. Let n be k(g). List the prime factors of ((-13)/26)/(n/58).
29
Suppose -7*h + 75934 + 2396 = 0. List the prime factors of h.
2, 3, 5, 373
Let v = 9677 + -6699. Suppose 6*i - 892 = v. List the prime factors of i.
3, 5, 43
Let u(r) = 5*r**2 - 12*r. Suppose -4*m + 50 = 2*q, -14*m - 3*q + 36 = -11*m. Let x be u(m). Suppose 3*l + 5 = 4*l, l = -3*y + x. List the prime factors of y.
2, 3, 19
Suppose -50*r + 47*r = -12738. What are the prime factors of r?
2, 11, 193
Suppose 125*f = 128*f + 9. List the prime factors of (-2 + f)*(-5 + -206).
5, 211
Let n(p) = -32*p + 38. Let z be n(-14). Suppose -2456 = -5*u + 5*h - z, 2*u - 778 = -3*h. List the prime factors of u.
2, 7
Suppose 5*f = z - 44625, 0 = -5*z - 346*f + 343*f + 223153. List the prime factors of z.
2, 5, 4463
Let c be (4/2 + -8)*(-65)/39. What are the prime factors of (1244/c - 48/120) + 4?
2
Let v(a) = a**2 - 8*a + 892. Let f be v(0). Suppose -889*d = -f*d + 2517. List the prime factors of d.
839
Let r(o) = -o**3 - 2*o**2 - 6. Let a be r(0). What are the prime factors of a/(-10) + (-8432)/(-80)?
2, 53
Let f(n) = -2*n**2 + 9 - 68*n + n**2 + 3*n**2 + 61*n. Let s = 2 - 7. List the prime factors of f(s).
2, 47
Suppose 0 = -22*c + 11*c + 8855. Suppose 11*x = 867 + c. Suppose -4*n = -5*r - x, 5*n - 5*r + 3*r = 173. List the prime factors of n.
3, 11
Let v(a) = -6*a - 128. Let r be v(-22). Suppose o + 221 = 4*g - 4*o, 0 = -3*g + r*o + 165. What are the prime factors of g?
59
Let n be 2/9 - 3/(27/2). Let m(l) = -l**2 - l + 202. List the prime factors of m(n).
2, 101
Suppose 5*i + 4 - 29 = 0. Suppose -5*y = i - 15. Suppose k - 801 = -0*p - 5*p, y*p - 306 = -4*k. List the prime factors of p.
7, 23
Suppose 0 = -24*g + 49*g - 224838 - 273187. List the prime factors of g.
11, 1811
Suppose -3*x - 340 = -2*u + 949, 3*u + 3*x = 1926. Let b = u - 315. Let z = b + -231. What are the prime factors of z?
97
Suppose 30*u + 5632 = -6098. Let b = 629 - u. List the prime factors of b.
2, 3, 5, 17
Let b(f) = -11*f - 3. Let x be b(-23). Let u be (x/(-4))/5 + (-9)/6. List the prime factors of 107/((-5)/4*u/35).
2, 107
Let q be 2 + (-2)/(-12)*-3*-2. Let g = 22 - 8. Let d = g - q. What are the prime factors of d?
11
Suppose 0 = -3*a + 18*t - 16*t + 52545, 0 = -4*a + 3*t + 70061. List the prime factors of a.
83, 211
Let t(m) = -m**3 - 14*m**2 + 5. Let x be 90/(-4)*6/9. What are the prime factors of t(x)?
2, 5, 23
Suppose 0 = -8*t - 39 + 207. Suppose t*j - 11187 = -12*j. What are the prime factors of j?
3, 113
Let d(i) be the first derivative of i**4/4 + 41*i**3/3 + 121*i**2/2 + 32*i - 1. What are the prime factors of d(-37)?
1031
Suppose 4*o = 14*o + 20. Let b be 15 + (1 + o)*0. What are the prime factors of (-12)/2*(-205)/b?
2, 41
Suppose 0 = 20*m - 17*m + 207. Let v = -60 - m. List the prime factors of v.
3
Suppose 39*h - 9*h - 20*h - 270760 = 0. What are the prime factors of h?
2, 7, 967
Let y = 5035 + 169. List the prime factors of y.
2, 1301
Let s = -3331 + 6682. Suppose -485 + s = 2*g. Suppose -14*b + g - 131 = 0. List the prime factors of b.
3, 31
Let w = -23 + 27. Suppose -9*q + 8*q + 11 = 3*s, 5*s = 5*q + 25. Suppose -4*j + 4*c = -632, s*j - 542 - 90 = -w*c. What are the prime factors of j?
2, 79
Suppose -f - 5*